 ten thousands digit of 211591?
1
What is the units digit of 59098?
8
What is the units digit of 7397276?
6
What is the hundreds digit of 6607214?
2
What is the millions digit of 1773788?
1
What is the units digit of 648359?
9
What is the thousands digit of 797642?
7
What is the units digit of 697992?
2
What is the units digit of 100978?
8
What is the ten thousands digit of 274895?
7
What is the thousands digit of 1923549?
3
What is the tens digit of 1027085?
8
What is the hundreds digit of 16010?
0
What is the units digit of 95974?
4
What is the hundreds digit of 1020526?
5
What is the thousands digit of 157701?
7
What is the units digit of 9372960?
0
What is the millions digit of 23692231?
3
What is the ten thousands digit of 2473404?
7
What is the hundred thousands digit of 696359?
6
What is the hundreds digit of 8569040?
0
What is the tens digit of 13388123?
2
What is the hundreds digit of 31328735?
7
What is the ten thousands digit of 32376?
3
What is the hundreds digit of 731982?
9
What is the units digit of 1971274?
4
What is the ten thousands digit of 174400?
7
What is the thousands digit of 3535469?
5
What is the ten thousands digit of 6887922?
8
What is the tens digit of 1731018?
1
What is the tens digit of 120918?
1
What is the ten millions digit of 15236191?
1
What is the thousands digit of 209442?
9
What is the units digit of 250116?
6
What is the thousands digit of 3814431?
4
What is the hundreds digit of 2133872?
8
What is the hundreds digit of 3608209?
2
What is the hundreds digit of 4725806?
8
What is the hundreds digit of 3648?
6
What is the tens digit of 2503211?
1
What is the units digit of 214288?
8
What is the millions digit of 5990453?
5
What is the units digit of 12510650?
0
What is the ten thousands digit of 827535?
2
What is the hundred thousands digit of 30757359?
7
What is the tens digit of 868340?
4
What is the hundreds digit of 1192264?
2
What is the units digit of 30209092?
2
What is the thousands digit of 146753?
6
What is the thousands digit of 8315178?
5
What is the thousands digit of 897128?
7
What is the hundreds digit of 13414596?
5
What is the millions digit of 11858830?
1
What is the hundred thousands digit of 910311?
9
What is the units digit of 22205325?
5
What is the units digit of 5311936?
6
What is the hundreds digit of 275933?
9
What is the ten thousands digit of 25224?
2
What is the tens digit of 750509?
0
What is the units digit of 450630?
0
What is the hundred thousands digit of 560412?
5
What is the hundreds digit of 633207?
2
What is the hundreds digit of 4696523?
5
What is the hundreds digit of 6640763?
7
What is the hundred thousands digit of 116478?
1
What is the ten thousands digit of 6140154?
4
What is the hundreds digit of 228201?
2
What is the tens digit of 1228495?
9
What is the units digit of 4473013?
3
What is the hundreds digit of 1822355?
3
What is the thousands digit of 646732?
6
What is the ten thousands digit of 976119?
7
What is the ten thousands digit of 2572412?
7
What is the ten thousands digit of 16053067?
5
What is the hundred thousands digit of 173091?
1
What is the units digit of 403810?
0
What is the hundred thousands digit of 216072?
2
What is the units digit of 569946?
6
What is the hundred thousands digit of 101334?
1
What is the hundred thousands digit of 801182?
8
What is the units digit of 302401?
1
What is the ten thousands digit of 330031?
3
What is the hundred thousands digit of 625669?
6
What is the tens digit of 250914?
1
What is the units digit of 2023405?
5
What is the hundreds digit of 2748678?
6
What is the units digit of 426947?
7
What is the units digit of 12935049?
9
What is the thousands digit of 302177?
2
What is the thousands digit of 885120?
5
What is the units digit of 47809?
9
What is the hundreds digit of 1191413?
4
What is the thousands digit of 2045014?
5
What is the hundred thousands digit of 274343?
2
What is the millions digit of 1617336?
1
What is the ten thousands digit of 438299?
3
What is the hundreds digit of 342804?
8
What is the units digit of 298746?
6
What is the thousands digit of 737449?
7
What is the tens digit of 2405639?
3
What is the hundred thousands digit of 3297466?
2
What is the tens digit of 51930?
3
What is the millions digit of 9769520?
9
What is the tens digit of 248053?
5
What is the thousands digit of 98006?
8
What is the units digit of 5188382?
2
What is the thousands digit of 19465629?
5
What is the units digit of 777218?
8
What is the hundred thousands digit of 458492?
4
What is the thousands digit of 2152075?
2
What is the tens digit of 26692869?
6
What is the units digit of 76868?
8
What is the hundred thousands digit of 226263?
2
What is the hundred thousands digit of 493985?
4
What is the tens digit of 22322929?
2
What is the ten thousands digit of 763422?
6
What is the ten millions digit of 10661411?
1
What is the tens digit of 3241784?
8
What is the thousands digit of 644440?
4
What is the hundreds digit of 22287167?
1
What is the tens digit of 13621413?
1
What is the ten thousands digit of 47446?
4
What is the ten thousands digit of 779594?
7
What is the ten thousands digit of 7556404?
5
What is the hundreds digit of 154178?
1
What is the hundreds digit of 3617372?
3
What is the millions digit of 1483942?
1
What is the thousands digit of 20187?
0
What is the units digit of 421660?
0
What is the thousands digit of 8256588?
6
What is the thousands digit of 108797?
8
What is the hundreds digit of 877971?
9
What is the hundred thousands digit of 5523203?
5
What is the tens digit of 1074?
7
What is the tens digit of 61814?
1
What is the units digit of 3679052?
2
What is the hundred thousands digit of 265367?
2
What is the units digit of 467715?
5
What is the tens digit of 2688399?
9
What is the tens digit of 2120674?
7
What is the hundreds digit of 394135?
1
What is the ten thousands digit of 2725029?
2
What is the units digit of 197228?
8
What is the tens digit of 183254?
5
What is the hundred thousands digit of 1274109?
2
What is the tens digit of 717937?
3
What is the tens digit of 2420231?
3
What is the tens digit of 87852?
5
What is the millions digit of 7858127?
7
What is the thousands digit of 398111?
8
What is the hundred thousands digit of 20794373?
7
What is the hundreds digit of 102158?
1
What is the millions digit of 10133914?
0
What is the tens digit of 2238790?
9
What is the hundred thousands digit of 2125952?
1
What is the ten thousands digit of 132296?
3
What is the hundreds digit of 10016459?
4
What is the hundred thousands digit of 8068236?
0
What is the hundred thousands digit of 1929753?
9
What is the thousands digit of 220423?
0
What is the millions digit of 17083095?
7
What is the hundreds digit of 202518?
5
What is the thousands digit of 727428?
7
What is the thousands digit of 13621241?
1
What is the hundred thousands digit of 31623646?
6
What is the hundred thousands digit of 6527591?
5
What is the hundred thousands digit of 8540120?
5
What is the hundred thousands digit of 2212450?
2
What is the thousands digit of 2442969?
2
What is the hundred thousands digit of 536619?
5
What is the tens digit of 717373?
7
What is the ten thousands digit of 3343736?
4
What is the ten thousands digit of 231600?
3
What is the thousands digit of 601785?
1
What is the ten thousands digit of 10988726?
8
What is the units digit of 1818750?
0
What is the ten thousands digit of 110278?
1
What is the tens digit of 5491531?
3
What is the thousands digit of 37478?
7
What is the tens digit of 1168260?
6
What is the hundreds digit of 8317774?
7
What is the units digit of 1201886?
6
What is the hundred thousands digit of 12569873?
5
What is the tens digit of 1778496?
9
What is the hundred thousands digit of 3888058?
8
What is the tens digit of 779830?
3
What is the units digit of 30966344?
4
What is the hundreds digit of 2266995?
9
What is the ten thousands digit of 9154061?
5
What is the millions digit of 11568425?
1
What is the ten thousands digit of 9445315?
4
What is the hundreds digit of 6199771?
7
What is the tens digit of 2332259?
5
What is the hundred thousands digit of 2386195?
3
What is the ten thousands digit of 2909041?
0
What is the ten thousands digit of 1046778?
4
What is the tens digit of 72656